 = 2*b - 4*t, -t - 3 = 0. Let l be w(b). Calculate the remainder when (-326)/(-8) + (-3)/l is divided by 21.
20
Suppose -6*f + 5622 = -1566. Suppose -4 = -5*o + 6, -3*o + f = 4*l. Calculate the remainder when l is divided by 25.
23
Suppose -8*d + 10*d - 84 = 0. Suppose -5*x + 3*x = -d. What is the remainder when x is divided by 10?
1
Let c(v) = v + 14*v**2 - 14 - 17*v - 4*v**3 + 3*v**3. What is the remainder when c(12) is divided by 17?
14
Suppose -5*i = 28*h - 29*h + 334, -15 = -5*i. What is the remainder when h is divided by 39?
37
Let j(v) = v**2 - 8*v + 2. Let n be j(8). Suppose 23 + 39 = n*q. Let m = -476 + 535. What is the remainder when m is divided by q?
28
Let w(a) = -29*a - 2. Let t be w(-2). Let u = t + -53. Suppose -4*j = j - 30. Calculate the remainder when j is divided by u.
0
Let m(v) = -v**2 - 13*v - 3. Let z(n) = -n. Let s be z(-1). Let a(k) = -8*k + 1. Let c be a(s). Calculate the remainder when m(c) is divided by 21.
18
Let v = -73 + 85. What is the remainder when 64 is divided by 0 - 1 - v*(3 + -4)?
9
Suppose -524 = -3*y - b, 4*y + 9*b = 7*b + 702. What is the remainder when y is divided by 25?
23
What is the remainder when 59 is divided by (25 + -5)*(-4)/(-5)?
11
Let i = -37 - -154. Suppose -23*n + 2*n = -1050. Let w = n - 26. What is the remainder when i is divided by w?
21
What is the remainder when ((-26)/4 + 0)*(-17 + -89) is divided by 23?
22
Let x = 130 + -125. Suppose 4*y - 2*o = 3*o + 481, -x*y + 5*o = -595. What is the remainder when y is divided by 30?
24
What is the remainder when (126/(-15))/(65/(-9100)) is divided by 38?
36
Let f(u) = -8*u + 172. Calculate the remainder when 95 is divided by f(19).
15
What is the remainder when 52 is divided by (-3)/(-5) - 6048/(-420)?
7
Suppose a - 3*d - 102 = 0, -a + 110 = 1276*d - 1280*d. Suppose b + b = -2*w + 46, -5*w + 5*b = -155. Calculate the remainder when a is divided by w.
24
Let q = 0 - 53. Let f = -49 - q. Suppose -5*u + 6 = -3*u. What is the remainder when f is divided by u?
1
Let p(z) = 3*z**2 + 71*z + 287. What is the remainder when 1630 is divided by p(-4)?
49
Let l(t) = 17*t - 1. Let j be l(13). Suppose 3*k - j = -k. Calculate the remainder when k is divided by 14.
13
Suppose 4*v + 42 = -38. Let i = v - -26. Calculate the remainder when i is divided by (5/(-15))/((-2)/12).
0
Suppose -b + s = -12, -4*s - 24 = -b - 7*s. What is the remainder when 44 is divided by b?
14
Suppose 0 = 5*n + 3*m - 100 - 0, -2*m = 2*n - 44. Calculate the remainder when 845 is divided by n.
12
Let v = -7 - -11. Let p be ((-3 - 0) + v)/(-1). Calculate the remainder when (10/8 + p)*44 is divided by 6.
5
Let i(r) = -31*r + 306. Calculate the remainder when i(7) is divided by (-6 + 3)/3 + 24.
20
Suppose 1935 + 8465 = 65*g. What is the remainder when g is divided by 43?
31
Let r = -1 - -1. Suppose r = 5*v - 143 + 8. Let d(k) = -5*k + 37. Calculate the remainder when v is divided by d(6).
6
What is the remainder when 11 - 15 - 3/((-9)/237) is divided by 52?
23
Calculate the remainder when (-78)/(-42) + (-30)/35 + 58 is divided by 33.
26
Let o = 4 - 8. Let a = o - -23. Suppose 3*s + 4*b - 25 = 0, 4*s + 6 = -b + 35. What is the remainder when a is divided by s?
5
Suppose 0 = 5*u - 4*y - 290, -49 = -3*u - y + 142. What is the remainder when u is divided by 6?
2
Let g be (-1)/(-2) + (-1)/2. Suppose -6 = p + 4*v - 1, -p - v - 8 = g. Calculate the remainder when p/(-5 - -2) + 14 is divided by 9.
8
Suppose -3 - 17 = -5*x. Suppose -47 = x*v - 5*v. Suppose 0 = -3*b + v + 154. Calculate the remainder when b is divided by 23.
21
Let k(t) = -4*t + 37. Let m be k(9). What is the remainder when 13 is divided by (4/m - 0) + -1 + 0?
1
Suppose 4*q = -2*u + 256, -2*q = -2*u + q + 256. What is the remainder when u is divided by 52?
24
Let g be (-6)/(-21) + ((-1086)/(-21))/1. Suppose -k + g = k. What is the remainder when 100 is divided by k?
22
Let p(b) = -b**2 - 17*b - 23. Let f be p(-15). Suppose -4*u + 5*u - f = 0. What is the remainder when 19 is divided by u?
5
Let q(m) = 2*m - 12. Let a be q(8). Let s be a/(-6) + 182/39. Suppose s*w - 5*j - 97 = 0, 0*j + 21 = 2*w + 3*j. Calculate the remainder when 35 is divided by w.
17
Let d(n) = -n**2 - 8*n - 5. Let g be d(-4). Let s be 3*2 + (9 - g). Calculate the remainder when 26 is divided by ((-5)/s)/(2/(-16)).
6
Let z(g) = -g**2 + 7*g + 68. Suppose 0 = -3*w + 4*r + 24, 0 = -3*w + 3*r + 12 + 12. Calculate the remainder when z(10) is divided by w.
6
What is the remainder when -5*((-185970)/1150 + 4/(-46)) is divided by 45?
44
Suppose 317*d - 324*d = -392. What is the remainder when 276 is divided by d?
52
Suppose 0 = 22*d - 23*d. Let i = 5 - -2. Suppose 2*s + 0 = g - i, d = -5*g + 2*s + 67. Calculate the remainder when 57 is divided by g.
12
Let b(k) = -29*k - 23. Suppose 14 = -3*x - l, -32 = -3*x + 7*x - 2*l. Calculate the remainder when b(x) is divided by 14.
11
Let x(d) = 102*d**2 - 2*d + 2. Let v = -17 - -22. Suppose 0*s + 4*f = -2*s - 6, 0 = s - 2*f - v. What is the remainder when x(s) is divided by 35?
32
What is the remainder when 289 + (-8 - -11 - 6) is divided by 138?
10
Let a(z) = -2*z**2 + 45*z + 20. What is the remainder when 416 is divided by a(22)?
38
Let g(u) = -4*u + 1. Let w(p) = 2*p - 1. Let a(d) = -4*g(d) - 9*w(d). Calculate the remainder when 20 is divided by a(-3).
9
Suppose 0*a - a = m + 34, m - 5*a = -4. Let w = -25 - m. Calculate the remainder when (1/(-3))/(7/(-210)) is divided by w.
2
Let y(h) = 14*h**2 + h. Let i be y(1). Suppose -4*r = -i*r + 33. Calculate the remainder when 5 is divided by r.
2
Suppose -4*n + 2*o - o - 6 = 0, -5 = -n - 3*o. Let x be (7 - -2) + 3/3. Let d = x - n. What is the remainder when 41 is divided by d?
8
Suppose -50*m + 21*m + 1189 = 0. Calculate the remainder when 141 is divided by m.
18
Let h = 608 + -599. Calculate the remainder when 126 is divided by h.
0
Suppose 19*y = 294 - 47. Calculate the remainder when 13 is divided by y.
0
Let z = -318 + 336. Calculate the remainder when 70 is divided by z.
16
Let q(g) = 25*g - 64 + 12*g - 7*g - 10*g. Calculate the remainder when 333 is divided by q(6).
53
Let f(o) = o**3 - 4*o**2 + 5*o - 6. Let j be f(3). Suppose -5*t + 4*t + 23 = j. What is the remainder when t is divided by (-9 - -21) + -1 + 2?
10
Let z(v) be the first derivative of v**3/3 + v**2 + 2*v - 24. Calculate the remainder when 11 is divided by z(-3).
1
Suppose u + 3*g - 249 = -2*u, -5*g + 160 = 2*u. Calculate the remainder when u is divided by 1*(8 + -6 + 28 + -1).
27
Let r(u) = -u**2 + 5*u + u - 8*u + 3*u**3. Calculate the remainder when r(2) is divided by 9.
7
Suppose -3 = l, 20*n - 21*n = -3*l - 91. Calculate the remainder when 486 is divided by n.
76
Let v(m) = 5*m - 13. Let h be v(2). Calculate the remainder when 64 is divided by (-2)/((-6)/34*(-2)/h).
13
Let k(a) = -3*a + 1. Let q(z) = 4*z + 25. Let g be q(-7). Calculate the remainder when -3 - (2 - 3)/(g/(-39)) is divided by k(-1).
2
Suppose -738 = 8*z - 14*z. What is the remainder when z is divided by 63?
60
Let v be -3 - ((-8)/(-44) + (-5980)/(-22)). Let t = -165 - v. What is the remainder when t is divided by 16?
14
What is the remainder when (-1060)/4*(-30)/25 is divided by 102?
12
Suppose 21*b - 396 - 86 = -20. Suppose 4*y + 25 = 281. What is the remainder when y is divided by b?
20
Suppose -5*s - s + 810 = 0. Suppose f - 2*f + 3*h + 11 = 0, 0 = -5*f - 5*h + s. Suppose 3*q - 4*q = -45. Calculate the remainder when q is divided by f.
22
Let c be (-2)/(-9) - (-4800)/27. Suppose -6*b + c = 52. What is the remainder when 39 is divided by b?
18
Suppose 7 = -0*u + u. Suppose -4*m = 2*o - 0*o - 12, -3*m + u = o. Calculate the remainder when 2 is divided by m.
0
Suppose 5*u - 60 - 63 = 4*g, 2*g = 5*u - 129. Let i = 203 + -197. What is the remainder when u is divided by i?
3
Let l = -30 + 117. Suppose -5*i = -l - 63. Calculate the remainder when 6/24 + 454/8 is divided by i.
27
Suppose -2*i + 2*n - 334 = -6*i, -5*n + 187 = 2*i. Let z = i + -44. Calculate the remainder when z is divided by -1 + 22 - (4 + -3).
17
Suppose 2*v + 4*z = 132, 67*z = -2*v + 65*z + 142. What is the remainder when 365 is divided by v?
61
Let r(l) = -29*l**3 + 2*l + 3. Let z be 4 - (15/15 + 5 + -1). What is the remainder when r(z) is divided by 4?
2
Let p(q) = q**2 - 9*q + 